o - 839. What are the prime factors of g(-50)?
13, 397
Let i(y) = y**3 - 11*y**2 + 3*y - 26. Let s = 107 + -58. Suppose 0 = 51*x - s*x - 22. What are the prime factors of i(x)?
7
Suppose -22*x + 125099 + 305045 = 22*x. List the prime factors of x.
2, 13, 47
Suppose 0 = -3*k + 3*k - 3*g, 3*k + 2*g = 47187. What are the prime factors of k?
3, 7, 107
Suppose -3*c + 25792 = 5*v, -3*c + v = 5*v - 25799. List the prime factors of c.
8609
Let b(z) = 2*z**3 - 25*z**2 - 14*z - 4. Let k be b(13). What are the prime factors of (-581)/(-4) + k/68?
5, 29
Suppose 5*x - 198 = -4*x. Let g be (-8)/(-44) - (-84)/x. What are the prime factors of 74 + g + -1 + 0?
7, 11
Let i be (-5)/((-15)/4)*-102. Suppose 4*p + 4*q - 944 = 0, -3*q - 17 - 445 = -2*p. Let w = i + p. List the prime factors of w.
2, 7
Let v(l) = l**3 + 11*l**2 + 2*l. Let t = 75 + -61. Suppose 2*w = -6 - t. List the prime factors of v(w).
2, 5
Suppose 0 = -3*k + 4 - 19, -5*j + 2*k + 35095 = 0. What are the prime factors of j?
3, 2339
Let w be 3 + 10/(-20) + (-2)/(-4). Suppose w*j - 35 - 26 = t, 0 = -5*j + 4*t + 97. List the prime factors of j.
3, 7
List the prime factors of 12 + 20/(-5) - (3 - 8817).
2, 11, 401
Suppose -919*z + 853*z + 1935450 = 0. List the prime factors of z.
3, 5, 17, 23
Let g(c) = -c**3 - 7*c**2 - 9*c + 10. Let r be (-4)/3 + 1 + 52/(-6). List the prime factors of g(r).
11, 23
Suppose 0 = 2*j - 2*m - 74992, 2*j - 91501 + 16541 = -2*m. List the prime factors of j.
2, 3, 11, 71
What are the prime factors of 33/(-22)*31624/(-3)?
2, 59, 67
Suppose -4*i = -l - 51406, -6*i - 4*l - 43474 = -120550. What are the prime factors of i?
2, 5, 257
List the prime factors of 14/(140/(-30))*-251.
3, 251
Let j(i) = -2*i**3 - 5*i**2 - 28*i - 87. List the prime factors of j(-14).
4813
Suppose 0 = -63*q + 10*q - 91*q + 1698768. What are the prime factors of q?
47, 251
Suppose -3*y - b - 892 = 0, -5*b - 21 + 644 = -2*y. Let w be (-3 - -5 - y)*(0 + 1). Let g = -64 + w. What are the prime factors of g?
3, 79
List the prime factors of (-104)/208*(0 - 28062).
3, 1559
What are the prime factors of (1343/(-51) + 29)/(0 + (-2)/(-1227))?
2, 409
Let u(l) = 34*l**2 - 113*l - 32. List the prime factors of u(17).
7873
Let i be (1 + -3)/(9 - (-161144)/(-17904)). Suppose -i = -2*n - 10*n. What are the prime factors of n?
373
Let k be ((-12)/(-4))/((-2)/(-6)). Suppose k*z + 0*z - 270 = 0. Suppose 28 = 5*n + 2*i - i, 4*n - 3*i = z. List the prime factors of n.
2, 3
Let d = -301 + 1056. Suppose -3*j + 3*q + 803 = -1432, -4*q + d = j. What are the prime factors of j?
3, 83
Suppose 7*u - 16 = 3*u. Suppose 5*m + 108 = 4*o, -o - u*o = -m - 135. Let a = 59 + o. List the prime factors of a.
2, 43
Suppose -20*t - 20118 = 1842. Let i = t + 1584. What are the prime factors of i?
2, 3
Let i = -12 + 16. Let r(y) = -11 + y**2 - 16 - y - 2*y - i*y. List the prime factors of r(16).
3, 13
Let s = 5979 - -2813. List the prime factors of s.
2, 7, 157
Let j = 469 + -465. Suppose j*q - 2290 = -2*l, -3*q - 111 + 1259 = l. What are the prime factors of l?
17, 67
Suppose -3*g + 3*v + 3014 + 3685 = 0, -4472 = -2*g + 4*v. List the prime factors of g.
2, 5, 223
Let j = 416 - 41. Let i = 770 - j. What are the prime factors of i?
5, 79
Let x = -3305 + 14915. What are the prime factors of x?
2, 3, 5, 43
Suppose 185 = -u + 13046. What are the prime factors of u?
3, 1429
Let p = 2396 + -1525. What are the prime factors of p?
13, 67
Let p(h) = -12 + 5*h**2 - 9 - 10*h + 4*h**2 - 10*h**2. Let f be p(-7). Suppose f = -0*d + 2*d - 254. List the prime factors of d.
127
Let m(a) = -a**3 + a**2 - a - 1. Let i(q) = -7*q**3 + 6*q**2 + q - 7. Let g(d) = -i(d) + 6*m(d). Suppose -8*h + 19 = -21. List the prime factors of g(h).
7, 13
List the prime factors of 311550/21 + (6/63)/((-4)/(-12)).
2, 3709
Suppose 19*h - 108475 = 592378. Suppose -11807 + h = 24*w. List the prime factors of w.
5, 11, 19
What are the prime factors of 12 - (-132)/(-18)*-852?
2, 5, 313
Let z(x) = x**3 - 2*x**2 - x + 2. Let l be z(2). Suppose -2*p - 485 = -4*b + 255, 2*b - 4*p - 358 = l. What are the prime factors of b?
11, 17
Suppose -11*u - 3 + 113 = 0. Let d(g) = 2*g - 25. Let b be d(u). List the prime factors of b + 147 - (-1 - 0).
11, 13
Suppose 0 = -3*c + 3*x + 45, -5*c + 83 = -2*x + 5*x. Suppose -2*f + c*f - 2324 = 0. What are the prime factors of f?
2, 83
List the prime factors of (-9)/6 + (-1)/(-1) + (-27675)/(-6).
2, 1153
Suppose -155*f + 297540 = -110*f. List the prime factors of f.
2, 3, 19, 29
Let u(l) be the second derivative of l**5/30 - l**4/8 + l**3/2 - 2*l**2 + 4*l. Let q(a) be the first derivative of u(a). List the prime factors of q(5).
2, 19
Suppose -570 = 3*u + 12*u. Let t be (u/(-8))/(2/24). Suppose -7*i + 701 = t. List the prime factors of i.
2, 23
Let o(w) = 37*w**3 + 2*w**2 + 52*w - 35. List the prime factors of o(7).
2, 7, 937
Let h(b) = -6*b - 81. Let j be h(0). Let l = -81 - j. Suppose 2*a - p - 208 = l, 6*a - 2*a = -p + 422. What are the prime factors of a?
3, 5, 7
Suppose 0 = -2*u + 1 + 7, 4*m + 3*u - 12 = 0. Suppose 4*j - 541 - 983 = m. Suppose -5*x - 126 = -j. List the prime factors of x.
3, 17
Suppose 25*t - 915599 - 128001 = 0. List the prime factors of t.
2, 2609
Let k(m) = m**3 - 12*m**2 - 22*m - 4. Let q be k(16). List the prime factors of 3 + -6 + 5 + q.
2, 5, 67
Let b(l) = l**2 - 2*l - 8. Let n be b(5). Let v(j) = -n*j - 4*j + 3*j + 0*j + 2. List the prime factors of v(-12).
2, 7
Suppose 7*s - 3*s + 5*z - 1123 = 0, -2*z - 548 = -2*s. Let y = s + -203. List the prime factors of y.
2, 37
Suppose 4*k + 2*t + 66552 = 0, 0 = 5*k - 3*t + t + 83208. What are the prime factors of 4/14 - (k/70 - 0)?
2, 7, 17
Let b(d) = 4*d**2 - 286*d + 5235. List the prime factors of b(121).
3, 37, 263
Let z(d) = 28*d**3 + 2*d**2 + 3*d - 3. Let v be (-1 - 3)*(-6)/(-36)*-3. List the prime factors of z(v).
5, 47
Suppose -2*r - 4*d + 0 = 2, 0 = 3*r - d - 4. Let k = 3 - r. Suppose -80 = -k*m + 116. List the prime factors of m.
2, 7
Let b(v) = 25*v**3 - 23*v**2 - 69*v + 584. List the prime factors of b(10).
2, 11, 13, 79
Let q(z) = 143*z + 34. Let a be q(1). Let n be (-3 + 0)/((-1)/13). Suppose 3*h - a = -n. What are the prime factors of h?
2, 23
Suppose 21390*w = 21411*w - 1102710. What are the prime factors of w?
2, 5, 59, 89
Let x(u) = 23*u + 10. Let z(s) = -47*s - 21. Let r(k) = 5*x(k) + 3*z(k). Suppose h - 5*h - 3*j - 5 = 0, 2*j = 3*h + 25. List the prime factors of r(h).
3, 13
Let f = 31 - 22. Let p be 2/(-7) + (-15)/(-35)*17. Suppose f*u - 64 = p*u. What are the prime factors of u?
2
Suppose 19 = 20*w - 21. Suppose 5*g = -w*s + 3646, -2*g + 796 + 645 = -5*s. What are the prime factors of g?
2, 7, 13
Let i = -75 + 126. Suppose -2*w - n - i = w, -3*w - 66 = -4*n. List the prime factors of ((-19)/3)/(2/w).
3, 19
Let j(d) = -121*d**3 - 3*d**2 + 63*d + 212. List the prime factors of j(-5).
14947
Let m = 53 - 171. Let o(f) = -21*f**3 + f**2 + 2*f + 2. Let b be o(-2). Let c = b + m. What are the prime factors of c?
2, 13
Suppose 3*z + 3*o + 6876 = 0, 2*z + 5*o = -0*z - 4572. Let l = -1586 - z. List the prime factors of l.
2, 5, 71
Suppose -u - 14 = -3*u. Suppose u*o = 5*o + 836. Suppose -9*a + 1273 = o. List the prime factors of a.
5, 19
Suppose -21844*g = -21864*g + 280820. List the prime factors of g.
19, 739
Let v(j) = -j**3 - 9*j**2 - 5*j + 18. Let d be v(-4). List the prime factors of 28/(-49) + (-15942)/d.
379
Let z(j) = -244*j - 2547. List the prime factors of z(-44).
19, 431
Suppose 3*b - 25*x - 112730 = -21*x, -4*b + 4*x + 150296 = 0. What are the prime factors of b?
2, 3, 2087
Let y = 1424 - 625. Let n = y - 463. What are the prime factors of n?
2, 3, 7
Let b(p) = -207*p**3 - p**2 + p + 2. Let n be b(-1). Let i be 1/((5/1)/30). List the prime factors of (i/(-9))/((-3)/n).
2, 23
Let y = -98780 + 140331. List the prime factors of y.
37, 1123
Suppose -5*g + 9*g = -28, 5*z + g - 157788 = 0. What are the prime factors of z?
11, 19, 151
Let a be (-5 - 5)/(-5) - -5. Suppose -4*j = -a*j + 3675. What are the prime factors of j?
5, 7
Suppose -3*u + 72242 = g, -5*u - g + 40425 = -79977. List the prime factors of u.
2, 5, 7, 43
Suppose 47002 - 423130 = -151*r + 126853. What are the prime factors of r?
3331
Let c(f) = 228*f + 220. Let q(s) = -s - 1. Let l(u) = -c(u) - q(u). List t